{"id":751,"date":"2017-12-08T12:39:20","date_gmt":"2017-12-08T11:39:20","guid":{"rendered":"http:\/\/www.aftt.be\/luxembourg\/?page_id=751"},"modified":"2025-08-20T10:36:25","modified_gmt":"2025-08-20T09:36:25","slug":"composition-comite","status":"publish","type":"page","link":"https:\/\/luxembourg.aftt.be\/index.php\/documents\/composition-comite\/","title":{"rendered":"composition comit\u00e9"},"content":{"rendered":"<p>Pour avoir le formulaire de composition de comit\u00e9 de club cliquez<\/p>\n<p><a href=\"https:\/\/luxembourg.aftt.be\/wp-content\/uploads\/2025\/08\/2024-2025-AG-mai-Composition-de-comites-clubs-vierge.pdf\" target=\"_blank\" rel=\"noopener\">PDF<\/a><\/p>\n<p>Pour rappel, celui-ci doit parvenir \u00e0 notre secr\u00e9taire provinciale au d\u00e9but de chaque saison, au plus tard lors de l&rsquo;AG provinciale de septembre.<\/p>\n","protected":false},"excerpt":{"rendered":"<p>Pour avoir le formulaire de composition de comit\u00e9 de club cliquez PDF Pour rappel, celui-ci doit parvenir \u00e0 notre secr\u00e9taire provinciale au d\u00e9but de chaque saison, au plus tard lors de l&rsquo;AG provinciale de septembre.<\/p>\n","protected":false},"author":10,"featured_media":0,"parent":12,"menu_order":1,"comment_status":"closed","ping_status":"closed","template":"","meta":{"footnotes":""},"class_list":["post-751","page","type-page","status-publish","hentry"],"_links":{"self":[{"href":"https:\/\/luxembourg.aftt.be\/index.php\/wp-json\/wp\/v2\/pages\/751","targetHints":{"allow":["GET"]}}],"collection":[{"href":"https:\/\/luxembourg.aftt.be\/index.php\/wp-json\/wp\/v2\/pages"}],"about":[{"href":"https:\/\/luxembourg.aftt.be\/index.php\/wp-json\/wp\/v2\/types\/page"}],"author":[{"embeddable":true,"href":"https:\/\/luxembourg.aftt.be\/index.php\/wp-json\/wp\/v2\/users\/10"}],"replies":[{"embeddable":true,"href":"https:\/\/luxembourg.aftt.be\/index.php\/wp-json\/wp\/v2\/comments?post=751"}],"version-history":[{"count":5,"href":"https:\/\/luxembourg.aftt.be\/index.php\/wp-json\/wp\/v2\/pages\/751\/revisions"}],"predecessor-version":[{"id":5880,"href":"https:\/\/luxembourg.aftt.be\/index.php\/wp-json\/wp\/v2\/pages\/751\/revisions\/5880"}],"up":[{"embeddable":true,"href":"https:\/\/luxembourg.aftt.be\/index.php\/wp-json\/wp\/v2\/pages\/12"}],"wp:attachment":[{"href":"https:\/\/luxembourg.aftt.be\/index.php\/wp-json\/wp\/v2\/media?parent=751"}],"curies":[{"name":"wp","href":"https:\/\/api.w.org\/{rel}","templated":true}]}}