{"id":5121,"date":"2024-03-22T08:03:11","date_gmt":"2024-03-22T08:03:11","guid":{"rendered":"https:\/\/luxembourg.aftt.be\/?page_id=5121"},"modified":"2024-03-22T09:25:55","modified_gmt":"2024-03-22T08:25:55","slug":"documents-veterans","status":"publish","type":"page","link":"https:\/\/luxembourg.aftt.be\/index.php\/documents-veterans\/","title":{"rendered":"Documents v\u00e9t\u00e9rans"},"content":{"rendered":"\n<p>Voici les diff\u00e9rents documents n\u00e9cessaires \u00e0 l&rsquo;interclub v\u00e9t\u00e9rans<\/p>\n<p>Feuille d&rsquo;inscription d\u00e9but de saison : <a href=\"https:\/\/luxembourg.aftt.be\/wp-content\/uploads\/2024\/03\/Inscription-interclub-Vete.doc\">lien<\/a><\/p>\n<p>R\u00e8glement journ\u00e9e finale interclub v\u00e9t\u00e9ran : <a href=\"https:\/\/luxembourg.aftt.be\/wp-content\/uploads\/2024\/03\/Veterans-cahier-charge.pdf\">lien<\/a><\/p>\n","protected":false},"excerpt":{"rendered":"<p>Voici les diff\u00e9rents documents n\u00e9cessaires \u00e0 l&rsquo;interclub v\u00e9t\u00e9rans Feuille d&rsquo;inscription d\u00e9but de saison : lien R\u00e8glement journ\u00e9e finale interclub v\u00e9t\u00e9ran : lien<\/p>\n","protected":false},"author":12,"featured_media":0,"parent":0,"menu_order":0,"comment_status":"closed","ping_status":"closed","template":"","meta":{"footnotes":""},"class_list":["post-5121","page","type-page","status-publish","hentry"],"_links":{"self":[{"href":"https:\/\/luxembourg.aftt.be\/index.php\/wp-json\/wp\/v2\/pages\/5121","targetHints":{"allow":["GET"]}}],"collection":[{"href":"https:\/\/luxembourg.aftt.be\/index.php\/wp-json\/wp\/v2\/pages"}],"about":[{"href":"https:\/\/luxembourg.aftt.be\/index.php\/wp-json\/wp\/v2\/types\/page"}],"author":[{"embeddable":true,"href":"https:\/\/luxembourg.aftt.be\/index.php\/wp-json\/wp\/v2\/users\/12"}],"replies":[{"embeddable":true,"href":"https:\/\/luxembourg.aftt.be\/index.php\/wp-json\/wp\/v2\/comments?post=5121"}],"version-history":[{"count":4,"href":"https:\/\/luxembourg.aftt.be\/index.php\/wp-json\/wp\/v2\/pages\/5121\/revisions"}],"predecessor-version":[{"id":5128,"href":"https:\/\/luxembourg.aftt.be\/index.php\/wp-json\/wp\/v2\/pages\/5121\/revisions\/5128"}],"wp:attachment":[{"href":"https:\/\/luxembourg.aftt.be\/index.php\/wp-json\/wp\/v2\/media?parent=5121"}],"curies":[{"name":"wp","href":"https:\/\/api.w.org\/{rel}","templated":true}]}}